{"id":1245,"date":"2025-11-29T22:34:15","date_gmt":"2025-11-29T21:34:15","guid":{"rendered":"https:\/\/videoessays.org\/?page_id=1245"},"modified":"2026-01-17T20:52:08","modified_gmt":"2026-01-17T19:52:08","slug":"1245-2","status":"publish","type":"page","link":"https:\/\/videoessays.org\/index.php\/1245-2\/","title":{"rendered":""},"content":{"rendered":"<div style=\"height:80px\" aria-hidden=\"true\" class=\" wp-block-spacer eplus-wrapper eplus-styles-uid-b6b4e2\"><\/div>\n\n<div class=\" wp-block-media-text has-media-on-the-right is-stacked-on-mobile is-vertically-aligned-center eplus-wrapper eplus-styles-uid-55d736\" style=\"grid-template-columns:auto 41%\"><div class=\"wp-block-media-text__content\">\n<h2 class=\" wp-block-heading has-large-font-size eplus-wrapper\">Seminar &#8220;Textlekt\u00fcre, Videonotiz&#8221;<\/h2>\n\n\n<p class=\" eplus-wrapper eplus-styles-uid-3cf8e9\">In response to the communal, repeated, and experimental reading from Michel Serres\u2018 &#8220;The Five Senses. A Philosophy of Mingled Bodies\u201c (2008) BA film students at the Lucerne University of Applied Sciences and Arts made these individual video essays and video notes in September 2024 and 2023.<\/p>\n\n<p class=\" has-text-align-left eplus-wrapper eplus-styles-uid-86e08c\">Seminar taught by Prof. Johannes Binotto at the Lucerne University of Applied Sciences and Arts (Hslu).<\/p>\n\n\n<p class=\" eplus-wrapper\">Read more on <a href=\"https:\/\/transferences.org\/lehre\/filmtheorie\/textlekture-videonotiz\/\">Transferences website<\/a><\/p>\n\n\n\n<div style=\"height:0px\" aria-hidden=\"true\" class=\" wp-block-spacer eplus-wrapper\"><\/div>\n<\/div><figure class=\"wp-block-media-text__media\"><img loading=\"lazy\" decoding=\"async\" width=\"1024\" height=\"572\" src=\"https:\/\/videoessays.org\/wp-content\/uploads\/2026\/01\/Screenshot-2026-01-11-alle-20.38.47-1024x572.png\" alt=\"\" class=\"wp-image-1956 size-full\" srcset=\"https:\/\/videoessays.org\/wp-content\/uploads\/2026\/01\/Screenshot-2026-01-11-alle-20.38.47-1024x572.png 1024w, https:\/\/videoessays.org\/wp-content\/uploads\/2026\/01\/Screenshot-2026-01-11-alle-20.38.47-300x167.png 300w, https:\/\/videoessays.org\/wp-content\/uploads\/2026\/01\/Screenshot-2026-01-11-alle-20.38.47-768x429.png 768w, https:\/\/videoessays.org\/wp-content\/uploads\/2026\/01\/Screenshot-2026-01-11-alle-20.38.47.png 1286w\" sizes=\"auto, (max-width: 1024px) 100vw, 1024px\" \/><\/figure><\/div>\n\n<div style=\"height:80px\" aria-hidden=\"true\" class=\" wp-block-spacer eplus-wrapper eplus-styles-uid-b6b4e2\"><\/div>\n\n<h2 class=\" wp-block-heading has-text-align-center eplus-wrapper eplus-styles-uid-a62243\"><strong>Spring semester 2025<\/strong><\/h2>\n\n\n<div style=\"height:20px\" aria-hidden=\"true\" class=\" wp-block-spacer eplus-wrapper\"><\/div>\n\n\n<div class=\"wp-block-columns are-vertically-aligned-center eplus-wrapper is-layout-flex wp-container-core-columns-is-layout-1 wp-block-columns-is-layout-flex eplus-styles-uid-27735e\">\n<div class=\"wp-block-column is-vertically-aligned-center eplus-wrapper is-layout-flow wp-block-column-is-layout-flow\"><figure class=\"wp-embed-aspect-16-9 wp-has-aspect-ratio wp-block-embed aligncenter is-type-video is-provider-vimeo wp-block-embed-vimeo eplus-wrapper eplus-styles-uid-35d4a2\"><div class=\"wp-block-embed__wrapper\">\n<iframe loading=\"lazy\" title=\"Fl\u00fcchtige Spuren\" src=\"https:\/\/player.vimeo.com\/video\/1119919167?dnt=1&amp;app_id=122963\" width=\"500\" height=\"281\" frameborder=\"0\" allow=\"autoplay; fullscreen; picture-in-picture; clipboard-write; encrypted-media; web-share\" referrerpolicy=\"strict-origin-when-cross-origin\"><\/iframe>\n<\/div><\/figure>\n\n<p class=\" has-text-align-center eplus-wrapper eplus-styles-uid-286907\"><em><strong>Fl\u00fcchtige Spuren<\/strong><\/em><br>by Ja\u00ebl J\u00fchni<\/p><\/div>\n\n\n\n<div class=\"wp-block-column is-vertically-aligned-center eplus-wrapper is-layout-flow wp-block-column-is-layout-flow\"><figure class=\"wp-embed-aspect-16-9 wp-has-aspect-ratio wp-block-embed aligncenter is-type-video is-provider-vimeo wp-block-embed-vimeo eplus-wrapper eplus-styles-uid-35d4a2\"><div class=\"wp-block-embed__wrapper\">\n<iframe loading=\"lazy\" title=\"Windows - Videoessay\" src=\"https:\/\/player.vimeo.com\/video\/1120075630?dnt=1&amp;app_id=122963\" width=\"500\" height=\"281\" frameborder=\"0\" allow=\"autoplay; fullscreen; picture-in-picture; clipboard-write; encrypted-media; web-share\" referrerpolicy=\"strict-origin-when-cross-origin\"><\/iframe>\n<\/div><\/figure>\n\n<p class=\" has-text-align-center eplus-wrapper eplus-styles-uid-286907\"><em><strong>Windows &#8211; Videoessay<\/strong><\/em><br>by Jaden Arion Bisang<\/p><\/div>\n<\/div>\n\n\n<div style=\"height:10px\" aria-hidden=\"true\" class=\" wp-block-spacer eplus-wrapper\"><\/div>\n\n\n<div class=\"wp-block-columns are-vertically-aligned-center eplus-wrapper is-layout-flex wp-container-core-columns-is-layout-2 wp-block-columns-is-layout-flex eplus-styles-uid-2f9614\">\n<div class=\"wp-block-column is-vertically-aligned-center eplus-wrapper is-layout-flow wp-block-column-is-layout-flow\"><figure class=\"wp-embed-aspect-16-9 wp-has-aspect-ratio wp-block-embed aligncenter is-type-video is-provider-vimeo wp-block-embed-vimeo eplus-wrapper eplus-styles-uid-35d4a2\"><div class=\"wp-block-embed__wrapper\">\n<iframe loading=\"lazy\" title=\"F\u00fcnf Sinne Videonotiz\" src=\"https:\/\/player.vimeo.com\/video\/1120081825?dnt=1&amp;app_id=122963\" width=\"500\" height=\"281\" frameborder=\"0\" allow=\"autoplay; fullscreen; picture-in-picture; clipboard-write; encrypted-media; web-share\" referrerpolicy=\"strict-origin-when-cross-origin\"><\/iframe>\n<\/div><\/figure>\n\n<p class=\" has-text-align-center eplus-wrapper eplus-styles-uid-286907\"><em><strong>F\u00fcnf Sinne Videonotiz<\/strong><\/em><br>by Diell Curri<\/p><\/div>\n\n\n\n<div class=\"wp-block-column is-vertically-aligned-center eplus-wrapper is-layout-flow wp-block-column-is-layout-flow\"><figure class=\"wp-embed-aspect-16-9 wp-has-aspect-ratio wp-block-embed aligncenter is-type-video is-provider-vimeo wp-block-embed-vimeo eplus-wrapper eplus-styles-uid-35d4a2\"><div class=\"wp-block-embed__wrapper\">\n<iframe loading=\"lazy\" title=\"l'oreille\" src=\"https:\/\/player.vimeo.com\/video\/1119865858?dnt=1&amp;app_id=122963\" width=\"500\" height=\"281\" frameborder=\"0\" allow=\"autoplay; fullscreen; picture-in-picture; clipboard-write; encrypted-media; web-share\" referrerpolicy=\"strict-origin-when-cross-origin\"><\/iframe>\n<\/div><\/figure>\n\n<p class=\" has-text-align-center eplus-wrapper eplus-styles-uid-286907\"><em><strong>\u00abuntitled\u00bb &#8211; Videoessay inspired by Michel Serres: Les cinq sens<\/strong><\/em><br>by Maxime<\/p><\/div>\n<\/div>\n\n\n<div style=\"height:10px\" aria-hidden=\"true\" class=\" wp-block-spacer eplus-wrapper\"><\/div>\n\n\n<div class=\"wp-block-columns are-vertically-aligned-center eplus-wrapper is-layout-flex wp-container-core-columns-is-layout-3 wp-block-columns-is-layout-flex eplus-styles-uid-09c980\">\n<div class=\"wp-block-column is-vertically-aligned-center eplus-wrapper is-layout-flow wp-block-column-is-layout-flow\"><figure class=\"wp-embed-aspect-16-9 wp-has-aspect-ratio vimeo-black-bars  wp-block-embed aligncenter is-type-video is-provider-vimeo wp-block-embed-vimeo eplus-wrapper eplus-styles-uid-cc2475\" style=\"margin-top:0;margin-right:0;margin-bottom:0;margin-left:0\"><div class=\"wp-block-embed__wrapper\">\n<iframe loading=\"lazy\" title=\"gestures of thought \u2013 inscription\" src=\"https:\/\/player.vimeo.com\/video\/1119563249?dnt=1&amp;app_id=122963\" width=\"500\" height=\"250\" frameborder=\"0\" allow=\"autoplay; fullscreen; picture-in-picture; clipboard-write; encrypted-media; web-share\" referrerpolicy=\"strict-origin-when-cross-origin\"><\/iframe>\n<\/div><\/figure>\n\n<p class=\" has-text-align-center eplus-wrapper eplus-styles-uid-286907\"><em><strong>gestures of thought &#8211; inscription<\/strong><\/em><br>by Johannes Binotto<\/p><\/div>\n\n\n\n<div class=\"wp-block-column is-vertically-aligned-center eplus-wrapper is-layout-flow wp-block-column-is-layout-flow\"><figure class=\"wp-embed-aspect-16-9 wp-has-aspect-ratio wp-block-embed is-type-video is-provider-youtube wp-block-embed-youtube eplus-wrapper eplus-styles-uid-35d4a2\"><div class=\"wp-block-embed__wrapper\">\n<iframe loading=\"lazy\" title=\"Skintersection Benno Odermatt Textlektu\u0308re Videonotiz 2025\" width=\"500\" height=\"281\" src=\"https:\/\/www.youtube.com\/embed\/Tyy2ijo_22g?feature=oembed\" frameborder=\"0\" allow=\"accelerometer; autoplay; clipboard-write; encrypted-media; gyroscope; picture-in-picture; web-share\" referrerpolicy=\"strict-origin-when-cross-origin\" allowfullscreen><\/iframe>\n<\/div><\/figure>\n\n<p class=\" has-text-align-center eplus-wrapper eplus-styles-uid-286907\"><strong><em>Skintersection<\/em><\/strong><br>by Benno Odermatt<\/p><\/div>\n<\/div>\n\n\n<div style=\"height:10px\" aria-hidden=\"true\" class=\" wp-block-spacer eplus-wrapper\"><\/div>\n\n\n<div class=\"wp-embed-aspect-16-9 wp-has-aspect-ratio wp-block-columns are-vertically-aligned-center eplus-wrapper is-layout-flex wp-container-core-columns-is-layout-4 wp-block-columns-is-layout-flex eplus-styles-uid-51b030\">\n<div class=\"wp-block-column is-vertically-aligned-center eplus-wrapper is-layout-flow wp-block-column-is-layout-flow\"><figure class=\"wp-embed-aspect-16-9 wp-has-aspect-ratio wp-block-embed is-type-video is-provider-youtube wp-block-embed-youtube eplus-wrapper eplus-styles-uid-35d4a2\"><div class=\"wp-block-embed__wrapper\">\n<iframe loading=\"lazy\" title=\"enclosed in language\" width=\"500\" height=\"375\" src=\"https:\/\/www.youtube.com\/embed\/n6zgozmJ6Uc?feature=oembed\" frameborder=\"0\" allow=\"accelerometer; autoplay; clipboard-write; encrypted-media; gyroscope; picture-in-picture; web-share\" referrerpolicy=\"strict-origin-when-cross-origin\" allowfullscreen><\/iframe>\n<\/div><\/figure>\n\n<p class=\" has-text-align-center eplus-wrapper eplus-styles-uid-286907\"><em><strong>enclosed in language<\/strong><\/em><br>by Luna Gomez<\/p><\/div>\n\n\n\n<div class=\"wp-block-column is-vertically-aligned-center eplus-wrapper is-layout-flow wp-block-column-is-layout-flow\"><p class=\" has-text-align-center eplus-wrapper eplus-styles-uid-286907\"><\/p><\/div>\n<\/div>\n\n<div style=\"height:80px\" aria-hidden=\"true\" class=\" wp-block-spacer eplus-wrapper eplus-styles-uid-b6b4e2\"><\/div>\n\n<h2 class=\" wp-block-heading has-text-align-center eplus-wrapper eplus-styles-uid-a62243\"><strong>Spring semester 202<\/strong>4<\/h2>\n\n\n<div style=\"height:20px\" aria-hidden=\"true\" class=\" wp-block-spacer eplus-wrapper\"><\/div>\n\n\n<div class=\"wp-block-columns are-vertically-aligned-center eplus-wrapper is-layout-flex wp-container-core-columns-is-layout-5 wp-block-columns-is-layout-flex eplus-styles-uid-f7704d\">\n<div class=\"wp-block-column is-vertically-aligned-center eplus-wrapper is-layout-flow wp-block-column-is-layout-flow\"><figure class=\"wp-embed-aspect-16-9 wp-has-aspect-ratio wp-block-embed aligncenter is-type-video is-provider-vimeo wp-block-embed-vimeo eplus-wrapper eplus-styles-uid-35d4a2\"><div class=\"wp-block-embed__wrapper\">\n<iframe loading=\"lazy\" title=\"Boundless Continuity \/ Homage to Maya Deren \u2013 Aim\u00e9e Lavignac\" src=\"https:\/\/player.vimeo.com\/video\/1011038414?dnt=1&amp;app_id=122963\" width=\"500\" height=\"281\" frameborder=\"0\" allow=\"autoplay; fullscreen; picture-in-picture; clipboard-write; encrypted-media; web-share\" referrerpolicy=\"strict-origin-when-cross-origin\"><\/iframe>\n<\/div><\/figure>\n\n<p class=\" has-text-align-center eplus-wrapper eplus-styles-uid-286907\"><em><strong>Boundless Continuity \/ Homage to Maya Deren<\/strong><\/em><br>by Aim\u00e9e Lavignac<\/p><\/div>\n\n\n\n<div class=\"wp-block-column is-vertically-aligned-center eplus-wrapper is-layout-flow wp-block-column-is-layout-flow\"><figure class=\"wp-embed-aspect-16-9 wp-has-aspect-ratio wp-block-embed aligncenter is-type-video is-provider-vimeo wp-block-embed-vimeo eplus-wrapper eplus-styles-uid-35d4a2\"><div class=\"wp-block-embed__wrapper\">\n<iframe loading=\"lazy\" title=\"Windows - Videoessay\" src=\"https:\/\/player.vimeo.com\/video\/1120075630?dnt=1&amp;app_id=122963\" width=\"500\" height=\"281\" frameborder=\"0\" allow=\"autoplay; fullscreen; picture-in-picture; clipboard-write; encrypted-media; web-share\" referrerpolicy=\"strict-origin-when-cross-origin\"><\/iframe>\n<\/div><\/figure>\n\n<p class=\" has-text-align-center eplus-wrapper eplus-styles-uid-286907\"><em><strong>EXPANDING SOUL<\/strong><\/em><br>by Moritz Stuker<\/p><\/div>\n<\/div>\n\n\n<div style=\"height:10px\" aria-hidden=\"true\" class=\" wp-block-spacer eplus-wrapper\"><\/div>\n\n\n<div class=\"wp-block-columns are-vertically-aligned-center eplus-wrapper is-layout-flex wp-container-core-columns-is-layout-6 wp-block-columns-is-layout-flex eplus-styles-uid-c4e75b\">\n<div class=\"wp-block-column is-vertically-aligned-center eplus-wrapper is-layout-flow wp-block-column-is-layout-flow\"><figure class=\"wp-embed-aspect-16-9 wp-has-aspect-ratio wp-block-embed aligncenter is-type-video is-provider-vimeo wp-block-embed-vimeo eplus-wrapper eplus-styles-uid-35d4a2\"><div class=\"wp-block-embed__wrapper\">\n<iframe loading=\"lazy\" title=\"Ping Pong mit Ko\u0308rper und Seele\" src=\"https:\/\/player.vimeo.com\/video\/1011256574?dnt=1&amp;app_id=122963\" width=\"500\" height=\"281\" frameborder=\"0\" allow=\"autoplay; fullscreen; picture-in-picture; clipboard-write; encrypted-media; web-share\" referrerpolicy=\"strict-origin-when-cross-origin\"><\/iframe>\n<\/div><\/figure>\n\n<p class=\" has-text-align-center eplus-wrapper eplus-styles-uid-286907\"><em><strong>Ping Pong mit K\u00f6rper und Seele<\/strong><\/em><br>by Linus Cart<\/p><\/div>\n\n\n\n<div class=\"wp-block-column is-vertically-aligned-center eplus-wrapper is-layout-flow wp-block-column-is-layout-flow\"><figure class=\"wp-embed-aspect-16-9 wp-has-aspect-ratio wp-block-embed is-type-video is-provider-vimeo wp-block-embed-vimeo eplus-wrapper eplus-styles-uid-0726c2\"><div class=\"wp-block-embed__wrapper\">\n<iframe loading=\"lazy\" title=\"gestures of thought: vibrate contact (an homage to Alan Lamb)\" src=\"https:\/\/player.vimeo.com\/video\/1010970255?dnt=1&amp;app_id=122963\" width=\"500\" height=\"281\" frameborder=\"0\" allow=\"autoplay; fullscreen; picture-in-picture; clipboard-write; encrypted-media; web-share\" referrerpolicy=\"strict-origin-when-cross-origin\"><\/iframe>\n<\/div><\/figure>\n\n<p class=\" has-text-align-center eplus-wrapper eplus-styles-uid-286907\"><em><strong>gestures of thought: vibrate contact (an homage to Alan Lamb)<\/strong><\/em><br>by Johannes Binotto<\/p><\/div>\n<\/div>\n\n\n<div style=\"height:10px\" aria-hidden=\"true\" class=\" wp-block-spacer eplus-wrapper\"><\/div>\n\n\n<div class=\"wp-block-columns are-vertically-aligned-center eplus-wrapper is-layout-flex wp-container-core-columns-is-layout-7 wp-block-columns-is-layout-flex eplus-styles-uid-d1c716\">\n<div class=\"wp-block-column is-vertically-aligned-center eplus-wrapper is-layout-flow wp-block-column-is-layout-flow\"><figure class=\"wp-embed-aspect-16-9 wp-has-aspect-ratio wp-block-embed aligncenter is-type-video is-provider-vimeo wp-block-embed-vimeo eplus-wrapper eplus-styles-uid-7a45fe\"><div class=\"wp-block-embed__wrapper\">\n<iframe loading=\"lazy\" title=\"IN BETWEEN\" src=\"https:\/\/player.vimeo.com\/video\/1011273420?dnt=1&amp;app_id=122963\" width=\"500\" height=\"281\" frameborder=\"0\" allow=\"autoplay; fullscreen; picture-in-picture; clipboard-write; encrypted-media; web-share\" referrerpolicy=\"strict-origin-when-cross-origin\"><\/iframe>\n<\/div><\/figure>\n\n<p class=\" has-text-align-center eplus-wrapper eplus-styles-uid-286907\"><em><strong>IN BETWEEN<\/strong><\/em><br>by Sarah Mirjam Hermann<\/p><\/div>\n\n\n\n<div class=\"wp-block-column is-vertically-aligned-center eplus-wrapper is-layout-flow wp-block-column-is-layout-flow\"><figure class=\"wp-block-image aligncenter size-full eplus-wrapper wp-duotone-default-filter eplus-styles-uid-35be8e\"><img loading=\"lazy\" decoding=\"async\" width=\"824\" height=\"522\" src=\"https:\/\/videoessays.org\/wp-content\/uploads\/2026\/01\/Screenshot-2026-01-17-alle-20.26.18.png\" alt=\"\" class=\"wp-image-2257\" style=\"aspect-ratio:1.7777777777777777;object-fit:cover\" srcset=\"https:\/\/videoessays.org\/wp-content\/uploads\/2026\/01\/Screenshot-2026-01-17-alle-20.26.18.png 824w, https:\/\/videoessays.org\/wp-content\/uploads\/2026\/01\/Screenshot-2026-01-17-alle-20.26.18-300x190.png 300w, https:\/\/videoessays.org\/wp-content\/uploads\/2026\/01\/Screenshot-2026-01-17-alle-20.26.18-768x487.png 768w\" sizes=\"auto, (max-width: 824px) 100vw, 824px\" \/><\/figure>\n\n<p class=\" has-text-align-center eplus-wrapper eplus-styles-uid-286907\"><em><strong>ANIMA<\/strong><\/em><br>by Carla Buser<\/p><\/div>\n<\/div>\n\n\n<div style=\"height:10px\" aria-hidden=\"true\" class=\" wp-block-spacer eplus-wrapper\"><\/div>\n\n\n<div class=\"wp-block-columns are-vertically-aligned-center eplus-wrapper is-layout-flex wp-container-core-columns-is-layout-8 wp-block-columns-is-layout-flex eplus-styles-uid-c1a13d\">\n<div class=\"wp-block-column is-vertically-aligned-center eplus-wrapper is-layout-flow wp-block-column-is-layout-flow\"><figure class=\"wp-embed-aspect-16-9 wp-has-aspect-ratio wp-block-embed aligncenter is-type-video is-provider-vimeo wp-block-embed-vimeo eplus-wrapper eplus-styles-uid-35d4a2\"><div class=\"wp-block-embed__wrapper\">\n<iframe loading=\"lazy\" title=\"Remembering Touches\" src=\"https:\/\/player.vimeo.com\/video\/1011300728?dnt=1&amp;app_id=122963\" width=\"500\" height=\"281\" frameborder=\"0\" allow=\"autoplay; fullscreen; picture-in-picture; clipboard-write; encrypted-media; web-share\" referrerpolicy=\"strict-origin-when-cross-origin\"><\/iframe>\n<\/div><\/figure>\n\n<p class=\" has-text-align-center eplus-wrapper eplus-styles-uid-286907\"><em><strong>Remembering touches<\/strong><\/em><br>by Marietta Minsch<\/p><\/div>\n\n\n\n<div class=\"wp-block-column is-vertically-aligned-center eplus-wrapper is-layout-flow wp-block-column-is-layout-flow\"><figure class=\"wp-embed-aspect-16-9 wp-has-aspect-ratio wp-block-embed is-type-video is-provider-youtube wp-block-embed-youtube eplus-wrapper eplus-styles-uid-35d4a2\"><div class=\"wp-block-embed__wrapper\">\n<iframe loading=\"lazy\" title=\"Seelen, die\" width=\"500\" height=\"281\" src=\"https:\/\/www.youtube.com\/embed\/pPrlsvIUt6k?start=1&amp;feature=oembed\" frameborder=\"0\" allow=\"accelerometer; autoplay; clipboard-write; encrypted-media; gyroscope; picture-in-picture; web-share\" referrerpolicy=\"strict-origin-when-cross-origin\" allowfullscreen><\/iframe>\n<\/div><\/figure>\n\n<p class=\" has-text-align-center eplus-wrapper eplus-styles-uid-286907\"><em><strong>Seelen, die<\/strong><\/em><br>by Jurek Edel<\/p><\/div>\n<\/div>\n\n\n<div style=\"height:10px\" aria-hidden=\"true\" class=\" wp-block-spacer eplus-wrapper\"><\/div>\n\n\n<div class=\"wp-block-columns are-vertically-aligned-center eplus-wrapper is-layout-flex wp-container-core-columns-is-layout-9 wp-block-columns-is-layout-flex eplus-styles-uid-0bb804\">\n<div class=\"wp-block-column is-vertically-aligned-center eplus-wrapper is-layout-flow wp-block-column-is-layout-flow\"><figure class=\"wp-embed-aspect-16-9 wp-has-aspect-ratio wp-block-embed is-type-video is-provider-youtube wp-block-embed-youtube eplus-wrapper eplus-styles-uid-35d4a2\"><div class=\"wp-block-embed__wrapper\">\n<iframe loading=\"lazy\" title='\"Geschichten\"-Videonotiz von Gulba Amatova' width=\"500\" height=\"281\" src=\"https:\/\/www.youtube.com\/embed\/LXO7KfJQewQ?feature=oembed\" frameborder=\"0\" allow=\"accelerometer; autoplay; clipboard-write; encrypted-media; gyroscope; picture-in-picture; web-share\" referrerpolicy=\"strict-origin-when-cross-origin\" allowfullscreen><\/iframe>\n<\/div><\/figure>\n\n<p class=\" has-text-align-center eplus-wrapper eplus-styles-uid-286907\"><em><strong>Geschichten<\/strong><\/em><br>by Gulba Amatova<\/p><\/div>\n\n\n\n<div class=\"wp-block-column is-vertically-aligned-center eplus-wrapper is-layout-flow wp-block-column-is-layout-flow\"><figure class=\"wp-embed-aspect-16-9 wp-has-aspect-ratio wp-block-embed is-type-video is-provider-youtube wp-block-embed-youtube eplus-wrapper eplus-styles-uid-35d4a2\"><div class=\"wp-block-embed__wrapper\">\n<iframe loading=\"lazy\" title=\"Fluctuating Traces\" width=\"500\" height=\"281\" src=\"https:\/\/www.youtube.com\/embed\/hh81Y85BatQ?feature=oembed\" frameborder=\"0\" allow=\"accelerometer; autoplay; clipboard-write; encrypted-media; gyroscope; picture-in-picture; web-share\" referrerpolicy=\"strict-origin-when-cross-origin\" allowfullscreen><\/iframe>\n<\/div><\/figure>\n\n<p class=\" has-text-align-center eplus-wrapper eplus-styles-uid-286907\"><em><strong>Fluctuating Traces<\/strong><\/em><br>by Levio Gioia<\/p><\/div>\n<\/div>\n\n\n<div style=\"height:10px\" aria-hidden=\"true\" class=\" wp-block-spacer eplus-wrapper\"><\/div>\n\n\n<div class=\"wp-block-columns are-vertically-aligned-center eplus-wrapper is-layout-flex wp-container-core-columns-is-layout-10 wp-block-columns-is-layout-flex eplus-styles-uid-f2173f\">\n<div class=\"wp-block-column is-vertically-aligned-center eplus-wrapper is-layout-flow wp-block-column-is-layout-flow\"><figure class=\"wp-embed-aspect-16-9 wp-has-aspect-ratio vimeo-black-bars  wp-block-embed is-type-video is-provider-vimeo wp-block-embed-vimeo eplus-wrapper eplus-styles-uid-5ad03e\" style=\"margin-top:0;margin-bottom:0\"><div class=\"wp-block-embed__wrapper\">\n<iframe loading=\"lazy\" title=\"stumm\" src=\"https:\/\/player.vimeo.com\/video\/1011290433?dnt=1&amp;app_id=122963\" width=\"500\" height=\"360\" frameborder=\"0\" allow=\"autoplay; fullscreen; picture-in-picture; clipboard-write; encrypted-media; web-share\" referrerpolicy=\"strict-origin-when-cross-origin\"><\/iframe>\n<\/div><\/figure>\n\n<p class=\" has-text-align-center eplus-wrapper eplus-styles-uid-286907\"><em><strong>stumm<\/strong><\/em><br>by Alexander Leonardo Geiser<\/p><\/div>\n\n\n\n<div class=\"wp-block-column is-vertically-aligned-center eplus-wrapper is-layout-flow wp-block-column-is-layout-flow\"><p class=\" has-text-align-center eplus-wrapper eplus-styles-uid-286907\"><\/p><\/div>\n<\/div>\n\n<div style=\"height:100px\" aria-hidden=\"true\" class=\" wp-block-spacer eplus-wrapper eplus-styles-uid-b6b4e2\"><\/div>","protected":false},"excerpt":{"rendered":"<p>Spring semester 2025 Fl\u00fcchtige Spurenby Ja\u00ebl J\u00fchni Windows &#8211; Videoessayby Jaden Arion Bisang F\u00fcnf Sinne Videonotizby Diell Curri \u00abuntitled\u00bb &#8211; Videoessay inspired by Michel Serres: Les cinq sensby Maxime gestures of thought &#8211; inscriptionby Johannes Binotto Skintersectionby Benno Odermatt enclosed in languageby Luna Gomez Spring semester 2024 Boundless Continuity \/ Homage to Maya Derenby Aim\u00e9e [&hellip;]<\/p>\n","protected":false},"author":1,"featured_media":0,"parent":0,"menu_order":0,"comment_status":"closed","ping_status":"closed","template":"","meta":{"editor_plus_copied_stylings":"{}","footnotes":""},"class_list":["post-1245","page","type-page","status-publish","hentry"],"_links":{"self":[{"href":"https:\/\/videoessays.org\/index.php\/wp-json\/wp\/v2\/pages\/1245","targetHints":{"allow":["GET"]}}],"collection":[{"href":"https:\/\/videoessays.org\/index.php\/wp-json\/wp\/v2\/pages"}],"about":[{"href":"https:\/\/videoessays.org\/index.php\/wp-json\/wp\/v2\/types\/page"}],"author":[{"embeddable":true,"href":"https:\/\/videoessays.org\/index.php\/wp-json\/wp\/v2\/users\/1"}],"replies":[{"embeddable":true,"href":"https:\/\/videoessays.org\/index.php\/wp-json\/wp\/v2\/comments?post=1245"}],"version-history":[{"count":75,"href":"https:\/\/videoessays.org\/index.php\/wp-json\/wp\/v2\/pages\/1245\/revisions"}],"predecessor-version":[{"id":2328,"href":"https:\/\/videoessays.org\/index.php\/wp-json\/wp\/v2\/pages\/1245\/revisions\/2328"}],"wp:attachment":[{"href":"https:\/\/videoessays.org\/index.php\/wp-json\/wp\/v2\/media?parent=1245"}],"curies":[{"name":"wp","href":"https:\/\/api.w.org\/{rel}","templated":true}]}}